[INFO] cloning repository https://github.com/R4con/graphical_a_star
[INFO] running `Command { std: "git" "-c" "credential.helper=" "-c" "credential.helper=/workspace/cargo-home/bin/git-credential-null" "clone" "--bare" "https://github.com/R4con/graphical_a_star" "/workspace/cache/git-repos/https%3A%2F%2Fgithub.com%2FR4con%2Fgraphical_a_star", kill_on_drop: false }`
[INFO] [stderr] Cloning into bare repository '/workspace/cache/git-repos/https%3A%2F%2Fgithub.com%2FR4con%2Fgraphical_a_star'...
[INFO] running `Command { std: "git" "rev-parse" "HEAD", kill_on_drop: false }`
[INFO] [stdout] 0d6e101a523a344ed1ecfbd49e6f1f189a785281
[INFO] checking R4con/graphical_a_star against master#e6e4f7ed1589e03bc2f6c5931c1a72e7947e8682 for beta-170-4
[INFO] running `Command { std: "git" "clone" "/workspace/cache/git-repos/https%3A%2F%2Fgithub.com%2FR4con%2Fgraphical_a_star" "/workspace/builds/worker-5-tc2/source", kill_on_drop: false }`
[INFO] [stderr] Cloning into '/workspace/builds/worker-5-tc2/source'...
[INFO] [stderr] done.
[INFO] validating manifest of git repo https://github.com/R4con/graphical_a_star on toolchain e6e4f7ed1589e03bc2f6c5931c1a72e7947e8682
[INFO] running `Command { std: CARGO_HOME="/workspace/cargo-home" RUSTUP_HOME="/workspace/rustup-home" "/workspace/cargo-home/bin/cargo" "+e6e4f7ed1589e03bc2f6c5931c1a72e7947e8682" "metadata" "--manifest-path" "Cargo.toml" "--no-deps", kill_on_drop: false }`
[INFO] started tweaking git repo https://github.com/R4con/graphical_a_star
[INFO] finished tweaking git repo https://github.com/R4con/graphical_a_star
[INFO] tweaked toml for git repo https://github.com/R4con/graphical_a_star written to /workspace/builds/worker-5-tc2/source/Cargo.toml
[INFO] crate git repo https://github.com/R4con/graphical_a_star already has a lockfile, it will not be regenerated
[INFO] running `Command { std: CARGO_HOME="/workspace/cargo-home" RUSTUP_HOME="/workspace/rustup-home" "/workspace/cargo-home/bin/cargo" "+e6e4f7ed1589e03bc2f6c5931c1a72e7947e8682" "fetch" "--manifest-path" "Cargo.toml", kill_on_drop: false }`
[INFO] running `Command { std: "docker" "create" "-v" "/var/lib/crater-agent-workspace/builds/worker-5-tc2/target:/opt/rustwide/target:rw,Z" "-v" "/var/lib/crater-agent-workspace/builds/worker-5-tc2/source:/opt/rustwide/workdir:ro,Z" "-v" "/var/lib/crater-agent-workspace/cargo-home:/opt/rustwide/cargo-home:ro,Z" "-v" "/var/lib/crater-agent-workspace/rustup-home:/opt/rustwide/rustup-home:ro,Z" "-e" "SOURCE_DIR=/opt/rustwide/workdir" "-e" "CARGO_TARGET_DIR=/opt/rustwide/target" "-e" "CARGO_HOME=/opt/rustwide/cargo-home" "-e" "RUSTUP_HOME=/opt/rustwide/rustup-home" "-w" "/opt/rustwide/workdir" "-m" "1610612736" "--user" "0:0" "--network" "none" "ghcr.io/rust-lang/crates-build-env/linux@sha256:19e73879b68f455e41552ea35293514db52ea292d993f571636dbffedb77a1ee" "/opt/rustwide/cargo-home/bin/cargo" "+e6e4f7ed1589e03bc2f6c5931c1a72e7947e8682" "metadata" "--no-deps" "--format-version=1", kill_on_drop: false }`
[INFO] [stdout] 4b689eec4cc534ce0a1ccb6226ebc6360d74949c403e63f575daa5f47f6d38a0
[INFO] running `Command { std: "docker" "start" "-a" "4b689eec4cc534ce0a1ccb6226ebc6360d74949c403e63f575daa5f47f6d38a0", kill_on_drop: false }`
[INFO] running `Command { std: "docker" "inspect" "4b689eec4cc534ce0a1ccb6226ebc6360d74949c403e63f575daa5f47f6d38a0", kill_on_drop: false }`
[INFO] running `Command { std: "docker" "rm" "-f" "4b689eec4cc534ce0a1ccb6226ebc6360d74949c403e63f575daa5f47f6d38a0", kill_on_drop: false }`
[INFO] [stdout] 4b689eec4cc534ce0a1ccb6226ebc6360d74949c403e63f575daa5f47f6d38a0
[INFO] running `Command { std: "docker" "create" "-v" "/var/lib/crater-agent-workspace/builds/worker-5-tc2/target:/opt/rustwide/target:rw,Z" "-v" "/var/lib/crater-agent-workspace/builds/worker-5-tc2/source:/opt/rustwide/workdir:ro,Z" "-v" "/var/lib/crater-agent-workspace/cargo-home:/opt/rustwide/cargo-home:ro,Z" "-v" "/var/lib/crater-agent-workspace/rustup-home:/opt/rustwide/rustup-home:ro,Z" "-e" "SOURCE_DIR=/opt/rustwide/workdir" "-e" "CARGO_TARGET_DIR=/opt/rustwide/target" "-e" "CARGO_INCREMENTAL=0" "-e" "RUST_BACKTRACE=full" "-e" "RUSTFLAGS=--cap-lints=forbid" "-e" "RUSTDOCFLAGS=--cap-lints=forbid" "-e" "CARGO_HOME=/opt/rustwide/cargo-home" "-e" "RUSTUP_HOME=/opt/rustwide/rustup-home" "-w" "/opt/rustwide/workdir" "-m" "1610612736" "--user" "0:0" "--network" "none" "ghcr.io/rust-lang/crates-build-env/linux@sha256:19e73879b68f455e41552ea35293514db52ea292d993f571636dbffedb77a1ee" "/opt/rustwide/cargo-home/bin/cargo" "+e6e4f7ed1589e03bc2f6c5931c1a72e7947e8682" "check" "--frozen" "--all" "--all-targets" "--message-format=json", kill_on_drop: false }`
[INFO] [stdout] 2cdb612044f4a14c17b68a3669a0eb66bf2703cb4b5d9283442799a58f07dbe8
[INFO] running `Command { std: "docker" "start" "-a" "2cdb612044f4a14c17b68a3669a0eb66bf2703cb4b5d9283442799a58f07dbe8", kill_on_drop: false }`
[INFO] [stderr]    Compiling autocfg v0.1.7
[INFO] [stderr]    Compiling libc v0.2.65
[INFO] [stderr]    Compiling xml-rs v0.8.0
[INFO] [stderr]    Compiling proc-macro2 v0.4.30
[INFO] [stderr]    Compiling unicode-xid v0.1.0
[INFO] [stderr]    Compiling log v0.4.8
[INFO] [stderr]    Compiling byteorder v1.3.2
[INFO] [stderr]    Compiling khronos_api v3.1.0
[INFO] [stderr]    Compiling cfg-if v0.1.10
[INFO] [stderr]    Compiling cc v1.0.47
[INFO] [stderr]     Checking scopeguard v1.0.0
[INFO] [stderr]    Compiling proc-macro2 v1.0.6
[INFO] [stderr]    Compiling syn v0.15.44
[INFO] [stderr]    Compiling nix v0.14.1
[INFO] [stderr]    Compiling memoffset v0.5.3
[INFO] [stderr]    Compiling unicode-xid v0.2.0
[INFO] [stderr]     Checking piston-float v1.0.0
[INFO] [stderr]    Compiling syn v1.0.8
[INFO] [stderr]    Compiling pkg-config v0.3.17
[INFO] [stderr]     Checking piston-viewport v1.0.0
[INFO] [stderr]    Compiling serde v1.0.102
[INFO] [stderr]     Checking crossbeam-utils v0.6.6
[INFO] [stderr]     Checking piston-graphics_api_version v0.2.0
[INFO] [stderr]     Checking downcast-rs v1.1.1
[INFO] [stderr]     Checking same-file v1.0.5
[INFO] [stderr]    Compiling rayon-core v1.6.0
[INFO] [stderr]    Compiling num-traits v0.2.8
[INFO] [stderr]    Compiling crossbeam-utils v0.7.0
[INFO] [stderr]    Compiling crossbeam-epoch v0.8.0
[INFO] [stderr]    Compiling num-integer v0.1.41
[INFO] [stderr]     Checking crossbeam-queue v0.1.2
[INFO] [stderr]     Checking walkdir v2.2.9
[INFO] [stderr]     Checking smallvec v0.6.13
[INFO] [stderr]    Compiling getrandom v0.1.13
[INFO] [stderr]    Compiling gl_generator v0.11.0
[INFO] [stderr]    Compiling gl_generator v0.10.0
[INFO] [stderr]     Checking stb_truetype v0.3.0
[INFO] [stderr]    Compiling x11-dl v2.18.4
[INFO] [stderr]     Checking adler32 v1.0.4
[INFO] [stderr]    Compiling crc32fast v1.2.0
[INFO] [stderr]     Checking xdg v2.2.0
[INFO] [stderr]    Compiling quote v0.6.13
[INFO] [stderr]    Compiling quote v1.0.2
[INFO] [stderr]     Checking num_cpus v1.11.0
[INFO] [stderr]    Compiling num-derive v0.2.5
[INFO] [stderr]    Compiling wayland-scanner v0.21.13
[INFO] [stderr]     Checking crossbeam-deque v0.7.2
[INFO] [stderr]    Compiling libloading v0.5.2
[INFO] [stderr]     Checking memmap v0.7.0
[INFO] [stderr]     Checking parking_lot_core v0.6.2
[INFO] [stderr]    Compiling num-iter v0.1.39
[INFO] [stderr]    Compiling num-rational v0.2.2
[INFO] [stderr]     Checking lock_api v0.3.1
[INFO] [stderr]     Checking lzw v0.10.0
[INFO] [stderr]     Checking either v1.5.3
[INFO] [stderr]     Checking parking_lot v0.9.0
[INFO] [stderr]     Checking ordered-float v1.0.2
[INFO] [stderr]     Checking approx v0.3.2
[INFO] [stderr]     Checking line_drawing v0.7.0
[INFO] [stderr]    Compiling glutin_egl_sys v0.1.3
[INFO] [stderr]    Compiling gl v0.11.0
[INFO] [stderr]    Compiling glutin_glx_sys v0.1.5
[INFO] [stderr]     Checking rusttype v0.8.1
[INFO] [stderr]     Checking rayon v1.2.0
[INFO] [stderr]     Checking shared_library v0.1.9
[INFO] [stderr]     Checking raw-window-handle v0.3.1
[INFO] [stderr]     Checking deflate v0.7.20
[INFO] [stderr]     Checking dlib v0.4.1
[INFO] [stderr]     Checking inflate v0.4.5
[INFO] [stderr]     Checking wayland-sys v0.21.13
[INFO] [stderr]     Checking color_quant v1.0.1
[INFO] [stderr]     Checking c2-chacha v0.2.3
[INFO] [stderr]     Checking rusttype v0.7.9
[INFO] [stderr]     Checking andrew v0.2.1
[INFO] [stderr]     Checking gif v0.10.3
[INFO] [stderr]     Checking osmesa-sys v0.1.2
[INFO] [stderr]     Checking rand_core v0.5.1
[INFO] [stderr]     Checking shader_version v0.6.0
[INFO] [stderr]     Checking png v0.15.0
[INFO] [stderr]     Checking vecmath v1.0.0
[INFO] [stderr]     Checking read_color v1.0.0
[INFO] [stderr]     Checking piston-texture v0.8.0
[INFO] [stderr]     Checking fnv v1.0.6
[INFO] [stderr]     Checking scoped_threadpool v0.1.9
[INFO] [stderr]     Checking interpolation v0.2.0
[INFO] [stderr]     Checking rand_chacha v0.2.1
[INFO] [stderr]     Checking piston-shaders_graphics2d v0.3.1
[INFO] [stderr]     Checking rand v0.7.2
[INFO] [stderr]     Checking piston2d-graphics v0.35.0
[INFO] [stderr]    Compiling wayland-client v0.21.13
[INFO] [stderr]    Compiling wayland-protocols v0.21.13
[INFO] [stderr]     Checking jpeg-decoder v0.1.16
[INFO] [stderr]     Checking wayland-commons v0.21.13
[INFO] [stderr]    Compiling serde_derive v1.0.102
[INFO] [stderr]    Compiling derivative v1.0.3
[INFO] [stderr]     Checking tiff v0.3.1
[INFO] [stderr]     Checking image v0.22.3
[INFO] [stderr]     Checking pistoncore-input v0.28.0
[INFO] [stderr]     Checking piston2d-opengl_graphics v0.69.0
[INFO] [stderr]     Checking pistoncore-window v0.44.0
[INFO] [stderr]     Checking pistoncore-event_loop v0.49.0
[INFO] [stderr]     Checking piston v0.49.0
[INFO] [stderr]     Checking smithay-client-toolkit v0.4.6
[INFO] [stderr]     Checking winit v0.19.5
[INFO] [stderr]     Checking glutin v0.21.1
[INFO] [stderr]     Checking pistoncore-glutin_window v0.63.0
[INFO] [stderr]     Checking graphical_a_star v0.1.0 (/opt/rustwide/workdir)
[INFO] [stdout] error[E0415]: identifier `closed_list` is bound more than once in this parameter list
[INFO] [stdout]   --> src/main.rs:79:203
[INFO] [stdout]    |
[INFO] [stdout] 79 | ..., open_list: &mut HashMap<(i32, i32), Node>, closed_list: &mut HashMap<(i32, i32), Node>) {
[INFO] [stdout]    |                                                 ^^^^^^^^^^^ used as parameter more than once
[INFO] [stdout] 
[INFO] [stdout] 
[INFO] [stdout] error[E0412]: cannot find type `HashMap` in this scope
[INFO] [stdout]   --> src/main.rs:79:176
[INFO] [stdout]    |
[INFO] [stdout] 79 | ...::Node, NEW_MAP: &mut[&mut[bool]], open_list: &mut HashMap<(i32, i32), Node>, closed_list: &mut HashMap<(i32, i32), Node>) {
[INFO] [stdout]    |                                                       ^^^^^^^ not found in this scope
[INFO] [stdout]    |
[INFO] [stdout] help: consider importing this struct
[INFO] [stdout]    |
[INFO] [stdout] 7  + use std::collections::HashMap;
[INFO] [stdout]    |
[INFO] [stdout] 
[INFO] [stdout] 
[INFO] [stdout] error[E0412]: cannot find type `Node` in this scope
[INFO] [stdout]   --> src/main.rs:79:196
[INFO] [stdout]    |
[INFO] [stdout] 79 | ...mut[&mut[bool]], open_list: &mut HashMap<(i32, i32), Node>, closed_list: &mut HashMap<(i32, i32), Node>) {
[INFO] [stdout]    |                                                         ^^^^ not found in this scope
[INFO] [stdout]    |
[INFO] [stdout] help: consider importing this struct
[INFO] [stdout]    |
[INFO] [stdout] 7  + use crate::a_star::Node;
[INFO] [stdout]    |
[INFO] [stdout] 
[INFO] [stdout] 
[INFO] [stdout] error[E0412]: cannot find type `HashMap` in this scope
[INFO] [stdout]   --> src/main.rs:79:221
[INFO] [stdout]    |
[INFO] [stdout] 79 | ... &mut HashMap<(i32, i32), Node>, closed_list: &mut HashMap<(i32, i32), Node>) {
[INFO] [stdout]    |                                                       ^^^^^^^ not found in this scope
[INFO] [stdout]    |
[INFO] [stdout] help: consider importing this struct
[INFO] [stdout]    |
[INFO] [stdout] 7  + use std::collections::HashMap;
[INFO] [stdout]    |
[INFO] [stdout] 
[INFO] [stdout] 
[INFO] [stdout] error[E0412]: cannot find type `Node` in this scope
[INFO] [stdout]   --> src/main.rs:79:241
[INFO] [stdout]    |
[INFO] [stdout] 79 | ..., i32), Node>, closed_list: &mut HashMap<(i32, i32), Node>) {
[INFO] [stdout]    |                                                         ^^^^ not found in this scope
[INFO] [stdout]    |
[INFO] [stdout] help: consider importing this struct
[INFO] [stdout]    |
[INFO] [stdout] 7  + use crate::a_star::Node;
[INFO] [stdout]    |
[INFO] [stdout] 
[INFO] [stdout] 
[INFO] [stdout] error[E0415]: identifier `closed_list` is bound more than once in this parameter list
[INFO] [stdout]   --> src/main.rs:79:203
[INFO] [stdout]    |
[INFO] [stdout] 79 | ..., open_list: &mut HashMap<(i32, i32), Node>, closed_list: &mut HashMap<(i32, i32), Node>) {
[INFO] [stdout]    |                                                 ^^^^^^^^^^^ used as parameter more than once
[INFO] [stdout] 
[INFO] [stdout] 
[INFO] [stdout] error[E0412]: cannot find type `HashMap` in this scope
[INFO] [stdout]   --> src/main.rs:79:176
[INFO] [stdout]    |
[INFO] [stdout] 79 | ...::Node, NEW_MAP: &mut[&mut[bool]], open_list: &mut HashMap<(i32, i32), Node>, closed_list: &mut HashMap<(i32, i32), Node>) {
[INFO] [stdout]    |                                                       ^^^^^^^ not found in this scope
[INFO] [stdout]    |
[INFO] [stdout] help: consider importing this struct
[INFO] [stdout]    |
[INFO] [stdout] 7  + use std::collections::HashMap;
[INFO] [stdout]    |
[INFO] [stdout] 
[INFO] [stdout] 
[INFO] [stdout] error[E0412]: cannot find type `Node` in this scope
[INFO] [stdout]   --> src/main.rs:79:196
[INFO] [stdout]    |
[INFO] [stdout] 79 | ...mut[&mut[bool]], open_list: &mut HashMap<(i32, i32), Node>, closed_list: &mut HashMap<(i32, i32), Node>) {
[INFO] [stdout]    |                                                         ^^^^ not found in this scope
[INFO] [stdout]    |
[INFO] [stdout] help: consider importing this struct
[INFO] [stdout]    |
[INFO] [stdout] 7  + use crate::a_star::Node;
[INFO] [stdout]    |
[INFO] [stdout] 
[INFO] [stdout] 
[INFO] [stdout] error[E0412]: cannot find type `HashMap` in this scope
[INFO] [stdout]   --> src/main.rs:79:221
[INFO] [stdout]    |
[INFO] [stdout] 79 | ... &mut HashMap<(i32, i32), Node>, closed_list: &mut HashMap<(i32, i32), Node>) {
[INFO] [stdout]    |                                                       ^^^^^^^ not found in this scope
[INFO] [stdout]    |
[INFO] [stdout] help: consider importing this struct
[INFO] [stdout]    |
[INFO] [stdout] 7  + use std::collections::HashMap;
[INFO] [stdout]    |
[INFO] [stdout] 
[INFO] [stdout] 
[INFO] [stdout] error[E0412]: cannot find type `Node` in this scope
[INFO] [stdout]   --> src/main.rs:79:241
[INFO] [stdout]    |
[INFO] [stdout] 79 | ..., i32), Node>, closed_list: &mut HashMap<(i32, i32), Node>) {
[INFO] [stdout]    |                                                         ^^^^ not found in this scope
[INFO] [stdout]    |
[INFO] [stdout] help: consider importing this struct
[INFO] [stdout]    |
[INFO] [stdout] 7  + use crate::a_star::Node;
[INFO] [stdout]    |
[INFO] [stdout] 
[INFO] [stdout] 
[INFO] [stdout] error[E0308]: mismatched types
[INFO] [stdout]   --> src/main.rs:82:22
[INFO] [stdout]    |
[INFO] [stdout] 79 |     fn process_recalc(closed_list: &a_star::Node, final_path: &a_star::Node, start_node: &a_star::Node, target_node: &a_star::Node, NEW_M...
[INFO] [stdout]    |                                                               ------------- expected due to this parameter type
[INFO] [stdout] ...
[INFO] [stdout] 82 |         final_path = a_star::Node::get_path(&start_node, &target_node, &closed_list);
[INFO] [stdout]    |                      ^^^^^^^^^^^^^^^^^^^^^^^^^^^^^^^^^^^^^^^^^^^^^^^^^^^^^^^^^^^^^^^ expected `&Node`, found `Vec<(i32, i32)>`
[INFO] [stdout]    |
[INFO] [stdout]    = note: expected reference `&Node`
[INFO] [stdout]                  found struct `Vec<(i32, i32)>`
[INFO] [stdout] 
[INFO] [stdout] 
[INFO] [stdout] error[E0308]: mismatched types
[INFO] [stdout]   --> src/main.rs:82:22
[INFO] [stdout]    |
[INFO] [stdout] 79 |     fn process_recalc(closed_list: &a_star::Node, final_path: &a_star::Node, start_node: &a_star::Node, target_node: &a_star::Node, NEW_M...
[INFO] [stdout]    |                                                               ------------- expected due to this parameter type
[INFO] [stdout] ...
[INFO] [stdout] 82 |         final_path = a_star::Node::get_path(&start_node, &target_node, &closed_list);
[INFO] [stdout]    |                      ^^^^^^^^^^^^^^^^^^^^^^^^^^^^^^^^^^^^^^^^^^^^^^^^^^^^^^^^^^^^^^^ expected `&Node`, found `Vec<(i32, i32)>`
[INFO] [stdout]    |
[INFO] [stdout]    = note: expected reference `&Node`
[INFO] [stdout]                  found struct `Vec<(i32, i32)>`
[INFO] [stdout] 
[INFO] [stdout] 
[INFO] [stdout] error[E0599]: no method named `process_recalc` found for struct `App<'_>` in the current scope
[INFO] [stdout]    --> src/main.rs:149:21
[INFO] [stdout]     |
[INFO] [stdout] 15  | pub struct App<'a> {    //? Variables used in App go here
[INFO] [stdout]     | ------------------ method `process_recalc` not found for this struct
[INFO] [stdout] ...
[INFO] [stdout] 149 |                 app.process_recalc(&mut closed_list, &mut final_path, &start_node, &target_node, NEW_MAP, &mut open_list, &closed_list);
[INFO] [stdout]     |                 ----^^^^^^^^^^^^^^-----------------------------------------------------------------------------------------------------
[INFO] [stdout]     |                 |   |
[INFO] [stdout]     |                 |   this is an associated function, not a method
[INFO] [stdout]     |                 help: use associated function syntax instead: `App::<'_>::process_recalc(&app, &mut closed_list, &mut final_path, &start_node, &target_node, NEW_MAP, &mut open_list, &closed_list)`
[INFO] [stdout]     |
[INFO] [stdout]     = note: found the following associated functions; to be used as methods, functions must have a `self` parameter
[INFO] [stdout] note: the candidate is defined in an impl for the type `App<'a>`
[INFO] [stdout]    --> src/main.rs:79:5
[INFO] [stdout]     |
[INFO] [stdout] 79  |     fn process_recalc(closed_list: &a_star::Node, final_path: &a_star::Node, start_node: &a_star::Node, target_node: &a_star::Node, NEW_MAP: &mut[&mut[bool]], open_list: &mut HashMap<(i32, i32), Node>, closed_list: &mut HashMap<(i32, i32), Node>...
[INFO] [stdout]     |     ^^^^^^^^^^^^^^^^^^^^^^^^^^^^^^^^^^^^^^^^^^^^^^^^^^^^^^^^^^^^^^^^^^^^^^^^^^^^^^^^^^^^^^^^^^^^^^^^^^^^^^^^^^^^^^^^^^^^^^^^^^^^^^^^^^^^^^^^^^^^^^^^^^^^^^^^^^^^^^^^^^^^^^^^^^^^^^^^^^^^^^^^^^^^^^^^^^^^^^^^^^^^^^^^^^^^^^^^^^^^^^^^^^^^^^^^^^^^^^^^^^
[INFO] [stdout] 
[INFO] [stdout] 
[INFO] [stdout] error[E0599]: no method named `process_recalc` found for struct `App<'_>` in the current scope
[INFO] [stdout]    --> src/main.rs:149:21
[INFO] [stdout]     |
[INFO] [stdout] 15  | pub struct App<'a> {    //? Variables used in App go here
[INFO] [stdout]     | ------------------ method `process_recalc` not found for this struct
[INFO] [stdout] ...
[INFO] [stdout] 149 |                 app.process_recalc(&mut closed_list, &mut final_path, &start_node, &target_node, NEW_MAP, &mut open_list, &closed_list);
[INFO] [stdout]     |                 ----^^^^^^^^^^^^^^-----------------------------------------------------------------------------------------------------
[INFO] [stdout]     |                 |   |
[INFO] [stdout]     |                 |   this is an associated function, not a method
[INFO] [stdout]     |                 help: use associated function syntax instead: `App::<'_>::process_recalc(&app, &mut closed_list, &mut final_path, &start_node, &target_node, NEW_MAP, &mut open_list, &closed_list)`
[INFO] [stdout]     |
[INFO] [stdout]     = note: found the following associated functions; to be used as methods, functions must have a `self` parameter
[INFO] [stdout] note: the candidate is defined in an impl for the type `App<'a>`
[INFO] [stdout]    --> src/main.rs:79:5
[INFO] [stdout]     |
[INFO] [stdout] 79  |     fn process_recalc(closed_list: &a_star::Node, final_path: &a_star::Node, start_node: &a_star::Node, target_node: &a_star::Node, NEW_MAP: &mut[&mut[bool]], open_list: &mut HashMap<(i32, i32), Node>, closed_list: &mut HashMap<(i32, i32), Node>...
[INFO] [stdout]     |     ^^^^^^^^^^^^^^^^^^^^^^^^^^^^^^^^^^^^^^^^^^^^^^^^^^^^^^^^^^^^^^^^^^^^^^^^^^^^^^^^^^^^^^^^^^^^^^^^^^^^^^^^^^^^^^^^^^^^^^^^^^^^^^^^^^^^^^^^^^^^^^^^^^^^^^^^^^^^^^^^^^^^^^^^^^^^^^^^^^^^^^^^^^^^^^^^^^^^^^^^^^^^^^^^^^^^^^^^^^^^^^^^^^^^^^^^^^^^^^^^^^
[INFO] [stdout] 
[INFO] [stdout] 
[INFO] [stdout] error: aborting due to 7 previous errors
[INFO] [stdout] 
[INFO] [stdout] 
[INFO] [stdout] error: aborting due to 7 previous errors
[INFO] [stdout] 
[INFO] [stdout] 
[INFO] [stdout] Some errors have detailed explanations: E0308, E0412, E0415, E0599.
[INFO] [stdout] 
[INFO] [stdout] Some errors have detailed explanations: E0308, E0412, E0415, E0599.
[INFO] [stdout] 
[INFO] [stdout] For more information about an error, try `rustc --explain E0308`.
[INFO] [stdout] 
[INFO] [stdout] For more information about an error, try `rustc --explain E0308`.
[INFO] [stdout] 
[INFO] [stderr] error: could not compile `graphical_a_star` (bin "graphical_a_star" test) due to 8 previous errors
[INFO] [stderr] warning: build failed, waiting for other jobs to finish...
[INFO] [stderr] error: could not compile `graphical_a_star` (bin "graphical_a_star") due to 8 previous errors
[INFO] running `Command { std: "docker" "inspect" "2cdb612044f4a14c17b68a3669a0eb66bf2703cb4b5d9283442799a58f07dbe8", kill_on_drop: false }`
[INFO] running `Command { std: "docker" "rm" "-f" "2cdb612044f4a14c17b68a3669a0eb66bf2703cb4b5d9283442799a58f07dbe8", kill_on_drop: false }`
[INFO] [stdout] 2cdb612044f4a14c17b68a3669a0eb66bf2703cb4b5d9283442799a58f07dbe8
